{"id":822,"date":"2023-08-04T13:45:33","date_gmt":"2023-08-04T13:45:33","guid":{"rendered":"https:\/\/www.les-rencontres-de-rignac.fr\/english\/?page_id=822"},"modified":"2024-02-21T14:32:12","modified_gmt":"2024-02-21T14:32:12","slug":"pierre-baptiste-brioudetheorbe","status":"publish","type":"page","link":"https:\/\/www.les-rencontres-de-rignac.fr\/english\/pierre-baptiste-brioudetheorbe\/","title":{"rendered":"PIERRE-BAPTISTE BRIOUDE"},"content":{"rendered":"<div class=\"wp-block-image is-style-default\">\n<figure class=\"aligncenter size-large is-resized\"><img loading=\"lazy\" decoding=\"async\" width=\"683\" height=\"1024\" src=\"https:\/\/www.les-rencontres-de-rignac.fr\/english\/wp-content\/uploads\/2023\/08\/IMG-20230726-WA0000-683x1024.jpg\" alt=\"\" class=\"wp-image-828\" style=\"width:840px;height:auto\" srcset=\"https:\/\/www.les-rencontres-de-rignac.fr\/english\/wp-content\/uploads\/2023\/08\/IMG-20230726-WA0000-683x1024.jpg 683w, https:\/\/www.les-rencontres-de-rignac.fr\/english\/wp-content\/uploads\/2023\/08\/IMG-20230726-WA0000-200x300.jpg 200w, https:\/\/www.les-rencontres-de-rignac.fr\/english\/wp-content\/uploads\/2023\/08\/IMG-20230726-WA0000-768x1152.jpg 768w, https:\/\/www.les-rencontres-de-rignac.fr\/english\/wp-content\/uploads\/2023\/08\/IMG-20230726-WA0000-1024x1536.jpg 1024w, https:\/\/www.les-rencontres-de-rignac.fr\/english\/wp-content\/uploads\/2023\/08\/IMG-20230726-WA0000.jpg 1365w\" sizes=\"auto, (max-width: 683px) 100vw, 683px\" \/><\/figure>\n<\/div>\n\n\n<div style=\"height:50px\" aria-hidden=\"true\" class=\"wp-block-spacer\"><\/div>\n\n\n\n<p><strong>Pierre-Baptiste Brioude-Dh\u00e9nain<\/strong> began playing the Renaissance lute at the age of 8 in C\u00e9line Ferru&#8217;s class, near Paris. He then joined Pascale Boquet&#8217;s class at the Conservatoire \u00e0 Rayonnement R\u00e9gional in Tours, France, where he obtained his Dipl\u00f4me d&#8217;\u00c9tudes Musicales in June 2021.<\/p>\n\n\n\n<p>Today, Brioude combines his studies at the Conservatoire National Sup\u00e9rieur de Musique et de Danse de Lyon in the class of Rolf Lislevand with numerous concerts and performances with various ensembles\u00a0: <strong><em>Musique d&#8217;un r\u00e8gne<\/em><\/strong>, <strong><em>Chanter en roulotte<\/em><\/strong>, <strong><em>Cin\u00e9-concert\u00a0: Leonardo Da Vinci<\/em><\/strong> with the ensemble Doulce M\u00e9moire (dir. Denis Raisin-Dadre)\u00a0; <strong><em>Volez Z\u00e9phyrs<\/em><\/strong>, a project from the Centre de Musique Baroque de Versailles (CMBV)\u00a0; <strong><em>La Pl\u00e9iade en musique<\/em><\/strong>, a 2022 creation by Compagnie Outre Mesure (dir. Robin Joly) in tribute to Joachim du Bellay&#8217;s 500<sup>th<\/sup>\u00a0birthday\u00a0; <strong><em>Dom Juan tel qu&#8217;il inspira Moli\u00e8re<\/em><\/strong> with the ensemble Les Lunaisiens\u00a0; <strong><em>Abir<\/em><\/strong> with the ensemble Les Turqueries\u00a0; <strong><em>T\u00e9l\u00e9maque et Calypso<\/em><\/strong> by Andr\u00e9 Cardinal Destouches with the ensemble Les Ombres&#8230;<\/p>\n","protected":false},"excerpt":{"rendered":"<p>Pierre-Baptiste Brioude-Dh\u00e9nain began playing the Renaissance lute at the age of 8 in C\u00e9line Ferru&#8217;s class, near Paris. He then joined Pascale Boquet&#8217;s class at the Conservatoire \u00e0 Rayonnement R\u00e9gional in Tours, France, where he obtained his Dipl\u00f4me d&#8217;\u00c9tudes Musicales in June 2021. Today, Brioude combines his studies at the Conservatoire National Sup\u00e9rieur de Musique &hellip; <\/p>\n","protected":false},"author":1,"featured_media":0,"parent":0,"menu_order":0,"comment_status":"closed","ping_status":"closed","template":"","meta":{"footnotes":""},"class_list":["post-822","page","type-page","status-publish","hentry"],"_links":{"self":[{"href":"https:\/\/www.les-rencontres-de-rignac.fr\/english\/wp-json\/wp\/v2\/pages\/822","targetHints":{"allow":["GET"]}}],"collection":[{"href":"https:\/\/www.les-rencontres-de-rignac.fr\/english\/wp-json\/wp\/v2\/pages"}],"about":[{"href":"https:\/\/www.les-rencontres-de-rignac.fr\/english\/wp-json\/wp\/v2\/types\/page"}],"author":[{"embeddable":true,"href":"https:\/\/www.les-rencontres-de-rignac.fr\/english\/wp-json\/wp\/v2\/users\/1"}],"replies":[{"embeddable":true,"href":"https:\/\/www.les-rencontres-de-rignac.fr\/english\/wp-json\/wp\/v2\/comments?post=822"}],"version-history":[{"count":21,"href":"https:\/\/www.les-rencontres-de-rignac.fr\/english\/wp-json\/wp\/v2\/pages\/822\/revisions"}],"predecessor-version":[{"id":1417,"href":"https:\/\/www.les-rencontres-de-rignac.fr\/english\/wp-json\/wp\/v2\/pages\/822\/revisions\/1417"}],"wp:attachment":[{"href":"https:\/\/www.les-rencontres-de-rignac.fr\/english\/wp-json\/wp\/v2\/media?parent=822"}],"curies":[{"name":"wp","href":"https:\/\/api.w.org\/{rel}","templated":true}]}}