{"id":1491,"date":"2025-06-29T13:24:04","date_gmt":"2025-06-29T13:24:04","guid":{"rendered":"https:\/\/www.les-rencontres-de-rignac.fr\/english\/?page_id=1491"},"modified":"2025-06-29T13:24:05","modified_gmt":"2025-06-29T13:24:05","slug":"jason-darras","status":"publish","type":"page","link":"https:\/\/www.les-rencontres-de-rignac.fr\/english\/jason-darras\/","title":{"rendered":"JASON DARRAS"},"content":{"rendered":"\n<figure class=\"wp-block-image size-full\"><img loading=\"lazy\" decoding=\"async\" width=\"684\" height=\"1024\" src=\"https:\/\/www.les-rencontres-de-rignac.fr\/english\/wp-content\/uploads\/2025\/06\/DARRAS-Jason.jpg\" alt=\"\" class=\"wp-image-1476\" srcset=\"https:\/\/www.les-rencontres-de-rignac.fr\/english\/wp-content\/uploads\/2025\/06\/DARRAS-Jason.jpg 684w, https:\/\/www.les-rencontres-de-rignac.fr\/english\/wp-content\/uploads\/2025\/06\/DARRAS-Jason-200x300.jpg 200w, https:\/\/www.les-rencontres-de-rignac.fr\/english\/wp-content\/uploads\/2025\/06\/DARRAS-Jason-40x60.jpg 40w\" sizes=\"auto, (max-width: 684px) 100vw, 684px\" \/><\/figure>\n\n\n\n<p>Originaire du Nord de la France, Jason d\u00e9bute la musique \u00e0 Cambrai en commen\u00e7ant par la batterie et d\u00e9cide, une fois son bac en poche, de se consacrer exclusivement \u00e0 la pratique de la percussion.<\/p>\n\n\n\n<p>Apr\u00e8s un passage par les classes pr\u00e9paratoires de Montrouge et Aulnay-sous-Bois dans le but de pr\u00e9parer les concours et de perfectionner sa pratique, il rentre en DNSPM au CNSMD de Lyon o\u00f9 il explore majoritairement le r\u00e9pertoire orchestral et la cr\u00e9ation contemporaine.<\/p>\n\n\n\n<p>D\u00e9but 2024, il apprend en autodidacte la percussion digitale et plus particuli\u00e8rement les techniques sp\u00e9cifiques aux tambours sur cadres lui ouvrant les portes des r\u00e9pertoires baroques, renaissances et de la musique m\u00e9di\u00e9vale.<\/p>\n\n\n\n<p>Il revendique une approche de la percussion \u00e9clectique, ouverte sur le monde, m\u00ealant un h\u00e9ritage punk, son amour pour la musique baroque et une curiosit\u00e9 pour la cr\u00e9ation et l\u2019avant garde.<\/p>\n","protected":false},"excerpt":{"rendered":"<p>Originaire du Nord de la France, Jason d\u00e9bute la musique \u00e0 Cambrai en commen\u00e7ant par la batterie et d\u00e9cide, une fois son bac en poche, de se consacrer exclusivement \u00e0 la pratique de la percussion. Apr\u00e8s un passage par les classes pr\u00e9paratoires de Montrouge et Aulnay-sous-Bois dans le but de pr\u00e9parer les concours et de &hellip; <\/p>\n","protected":false},"author":1,"featured_media":0,"parent":0,"menu_order":0,"comment_status":"closed","ping_status":"closed","template":"","meta":{"footnotes":""},"class_list":["post-1491","page","type-page","status-publish","hentry"],"_links":{"self":[{"href":"https:\/\/www.les-rencontres-de-rignac.fr\/english\/wp-json\/wp\/v2\/pages\/1491","targetHints":{"allow":["GET"]}}],"collection":[{"href":"https:\/\/www.les-rencontres-de-rignac.fr\/english\/wp-json\/wp\/v2\/pages"}],"about":[{"href":"https:\/\/www.les-rencontres-de-rignac.fr\/english\/wp-json\/wp\/v2\/types\/page"}],"author":[{"embeddable":true,"href":"https:\/\/www.les-rencontres-de-rignac.fr\/english\/wp-json\/wp\/v2\/users\/1"}],"replies":[{"embeddable":true,"href":"https:\/\/www.les-rencontres-de-rignac.fr\/english\/wp-json\/wp\/v2\/comments?post=1491"}],"version-history":[{"count":1,"href":"https:\/\/www.les-rencontres-de-rignac.fr\/english\/wp-json\/wp\/v2\/pages\/1491\/revisions"}],"predecessor-version":[{"id":1492,"href":"https:\/\/www.les-rencontres-de-rignac.fr\/english\/wp-json\/wp\/v2\/pages\/1491\/revisions\/1492"}],"wp:attachment":[{"href":"https:\/\/www.les-rencontres-de-rignac.fr\/english\/wp-json\/wp\/v2\/media?parent=1491"}],"curies":[{"name":"wp","href":"https:\/\/api.w.org\/{rel}","templated":true}]}}

<figure class="wp-block-image size-full"><img loading="lazy" decoding="async" width="684" height="1024" src="https://www.les-rencontres-de-rignac.fr/english/wp-content/uploads/2025/06/DARRAS-Jason.jpg" alt="" class="wp-image-1476" srcset="https://www.les-rencontres-de-rignac.fr/english/wp-content/uploads/2025/06/DARRAS-Jason.jpg 684w, https://www.les-rencontres-de-rignac.fr/english/wp-content/uploads/2025/06/DARRAS-Jason-200x300.jpg 200w, https://www.les-rencontres-de-rignac.fr/english/wp-content/uploads/2025/06/DARRAS-Jason-40x60.jpg 40w" sizes="auto, (max-width: 684px) 100vw, 684px" /></figure>



<p>Originaire du Nord de la France, Jason débute la musique à Cambrai en commençant par la batterie et décide, une fois son bac en poche, de se consacrer exclusivement à la pratique de la percussion.</p>



<p>Après un passage par les classes préparatoires de Montrouge et Aulnay-sous-Bois dans le but de préparer les concours et de perfectionner sa pratique, il rentre en DNSPM au CNSMD de Lyon où il explore majoritairement le répertoire orchestral et la création contemporaine.</p>



<p>Début 2024, il apprend en autodidacte la percussion digitale et plus particulièrement les techniques spécifiques aux tambours sur cadres lui ouvrant les portes des répertoires baroques, renaissances et de la musique médiévale.</p>



<p>Il revendique une approche de la percussion éclectique, ouverte sur le monde, mêlant un héritage punk, son amour pour la musique baroque et une curiosité pour la création et l’avant garde.</p>

<p>Originaire du Nord de la France, Jason débute la musique à Cambrai en commençant par la batterie et décide, une fois son bac en poche, de se consacrer exclusivement à la pratique de la percussion. Après un passage par les classes préparatoires de Montrouge et Aulnay-sous-Bois dans le but de préparer les concours et de &hellip; </p>
