{"id":1469,"date":"2025-06-29T13:13:46","date_gmt":"2025-06-29T13:13:46","guid":{"rendered":"https:\/\/www.les-rencontres-de-rignac.fr\/english\/?page_id=1469"},"modified":"2025-06-29T13:26:02","modified_gmt":"2025-06-29T13:26:02","slug":"noe-riche-simon","status":"publish","type":"page","link":"https:\/\/www.les-rencontres-de-rignac.fr\/english\/noe-riche-simon\/","title":{"rendered":"NOE RICHE-SIMON"},"content":{"rendered":"\n<figure class=\"wp-block-image size-full\"><img loading=\"lazy\" decoding=\"async\" width=\"862\" height=\"1024\" src=\"https:\/\/www.les-rencontres-de-rignac.fr\/english\/wp-content\/uploads\/2025\/06\/Noe-Tiche.jpg\" alt=\"\" class=\"wp-image-1480\" srcset=\"https:\/\/www.les-rencontres-de-rignac.fr\/english\/wp-content\/uploads\/2025\/06\/Noe-Tiche.jpg 862w, https:\/\/www.les-rencontres-de-rignac.fr\/english\/wp-content\/uploads\/2025\/06\/Noe-Tiche-253x300.jpg 253w, https:\/\/www.les-rencontres-de-rignac.fr\/english\/wp-content\/uploads\/2025\/06\/Noe-Tiche-768x912.jpg 768w, https:\/\/www.les-rencontres-de-rignac.fr\/english\/wp-content\/uploads\/2025\/06\/Noe-Tiche-51x60.jpg 51w\" sizes=\"auto, (max-width: 862px) 100vw, 862px\" \/><\/figure>\n\n\n\n<p><strong>No\u00e9 Rich\u00e9-Simon<\/strong>\u00a0est autrice-illustratrice. Apr\u00e8s deux projets d\u2019albums, elle nourrit un int\u00e9r\u00eat pour le milieu du livre, l\u2019\u00e9criture et la po\u00e9sie. Apr\u00e8s une formation th\u00e9\u00e2trale, elle poursuit ses \u00e9tudes aux Beaux Arts et continue en parall\u00e8le ses activit\u00e9s de com\u00e9dienne dans des projets audiovisuels et de spectacles vivants, parfois dansants, parfois musicaux, parfois les deux.<\/p>\n","protected":false},"excerpt":{"rendered":"<p>No\u00e9 Rich\u00e9-Simon\u00a0est autrice-illustratrice. Apr\u00e8s deux projets d\u2019albums, elle nourrit un int\u00e9r\u00eat pour le milieu du livre, l\u2019\u00e9criture et la po\u00e9sie. Apr\u00e8s une formation th\u00e9\u00e2trale, elle poursuit ses \u00e9tudes aux Beaux Arts et continue en parall\u00e8le ses activit\u00e9s de com\u00e9dienne dans des projets audiovisuels et de spectacles vivants, parfois dansants, parfois musicaux, parfois les deux.<\/p>\n","protected":false},"author":1,"featured_media":0,"parent":0,"menu_order":0,"comment_status":"closed","ping_status":"closed","template":"","meta":{"footnotes":""},"class_list":["post-1469","page","type-page","status-publish","hentry"],"_links":{"self":[{"href":"https:\/\/www.les-rencontres-de-rignac.fr\/english\/wp-json\/wp\/v2\/pages\/1469","targetHints":{"allow":["GET"]}}],"collection":[{"href":"https:\/\/www.les-rencontres-de-rignac.fr\/english\/wp-json\/wp\/v2\/pages"}],"about":[{"href":"https:\/\/www.les-rencontres-de-rignac.fr\/english\/wp-json\/wp\/v2\/types\/page"}],"author":[{"embeddable":true,"href":"https:\/\/www.les-rencontres-de-rignac.fr\/english\/wp-json\/wp\/v2\/users\/1"}],"replies":[{"embeddable":true,"href":"https:\/\/www.les-rencontres-de-rignac.fr\/english\/wp-json\/wp\/v2\/comments?post=1469"}],"version-history":[{"count":2,"href":"https:\/\/www.les-rencontres-de-rignac.fr\/english\/wp-json\/wp\/v2\/pages\/1469\/revisions"}],"predecessor-version":[{"id":1495,"href":"https:\/\/www.les-rencontres-de-rignac.fr\/english\/wp-json\/wp\/v2\/pages\/1469\/revisions\/1495"}],"wp:attachment":[{"href":"https:\/\/www.les-rencontres-de-rignac.fr\/english\/wp-json\/wp\/v2\/media?parent=1469"}],"curies":[{"name":"wp","href":"https:\/\/api.w.org\/{rel}","templated":true}]}}