{"id":1461,"date":"2025-06-29T13:12:30","date_gmt":"2025-06-29T13:12:30","guid":{"rendered":"https:\/\/www.les-rencontres-de-rignac.fr\/english\/?page_id=1461"},"modified":"2025-06-29T13:22:22","modified_gmt":"2025-06-29T13:22:22","slug":"etienne-galletier","status":"publish","type":"page","link":"https:\/\/www.les-rencontres-de-rignac.fr\/english\/etienne-galletier\/","title":{"rendered":"ETIENNE GALLETIER"},"content":{"rendered":"\n<figure class=\"wp-block-image size-full\"><img loading=\"lazy\" decoding=\"async\" width=\"682\" height=\"1024\" src=\"https:\/\/www.les-rencontres-de-rignac.fr\/english\/wp-content\/uploads\/2025\/06\/Etienne-Galletier.jpg\" alt=\"\" class=\"wp-image-1477\" srcset=\"https:\/\/www.les-rencontres-de-rignac.fr\/english\/wp-content\/uploads\/2025\/06\/Etienne-Galletier.jpg 682w, https:\/\/www.les-rencontres-de-rignac.fr\/english\/wp-content\/uploads\/2025\/06\/Etienne-Galletier-200x300.jpg 200w, https:\/\/www.les-rencontres-de-rignac.fr\/english\/wp-content\/uploads\/2025\/06\/Etienne-Galletier-40x60.jpg 40w\" sizes=\"auto, (max-width: 682px) 100vw, 682px\" \/><\/figure>\n\n\n\n<p>Apr\u00e8s avoir suivi un cursus complet de guitare classique au CRR de Chalon sur Sa\u00f4ne, il obtient en juin 2000 le premier prix du C.N.R de Paris \u00e0 l\u2019unanimit\u00e9 avec les f\u00e9licitations du jury. Il choisit ensuite de se perfectionner aupr\u00e8s de Pablo Marquez au C.N.R de Strasbourg. Apr\u00e8s une ann\u00e9e ERASMUS au Conservatoire Sup\u00e9rieur de Barcelone avec le soliste croate Zoran Dukic, il obtient le dipl\u00f4me de sp\u00e9cialisation. Il est \u00e9galement titulaire depuis 2002 du Dipl\u00f4me d\u2019Etat de professeur de guitare. Il int\u00e8gre le CNSMD de Lyon en 2005, et obtient un Master de musique ancienne mention tr\u00e8s bien en th\u00e9orbe en 2011.<\/p>\n\n\n\n<p>Alliant r\u00e9pertoires renaissance, baroque et contemporain, Etienne pratique aujourd\u2019hui la guitare, le th\u00e9orbe, l\u2019archiluth et la guitare baroque. En 2011, Il joue Jules C\u00e9sar de Haendel avec La Grande Ecurie et le Chambre du Roy de J.C Malgloire, l\u2019Orfeo de Monteverdi avec les Nouveaux Caract\u00e8res et enregistre Le Carnaval de Venise de Campra avec Le Concert Spirituel d\u2019Herv\u00e9 Niquet pour le label Glossa. Il collabore depuis 2012 avec La Georgian Sinfonietta pour plusieurs projets \u00e0 Tbilissi. Il enregistre des Psaumes de Marcello avec L\u2019ensemble vocal anglais VOCES 8 et Patrick Ayrton pour le label SIGNUM.<\/p>\n\n\n\n<p>En 2018, il enregistre l\u2019op\u00e9ra Pha\u00e9ton de Lully sous la direction de Vincent Dumestre ainsi que les v\u00eapres de Monteverdi avec La Fenice de Jean Tub\u00e9ry. On le retrouve r\u00e9guli\u00e8rement avec les ensembles Philom\u00e8le, Marguerite Louise, Les Surprises, Ground Floor, Les Arts Florissants, Les Ambassadeurs, La Temp\u00eate, Il Giardino d\u2019amore, Les Musiciens de St Julien, Les Ombres, Les Travers\u00e9es Baroques, La Symphonie du Marais, Le Concert de l\u2019hostel Dieu, au sein desquels il d\u00e9veloppe les principes d\u2019expression de la basse continue.<\/p>\n\n\n\n<p>A partir de 2014, Il cr\u00e9e avec la compagnie les Bor\u00e9ades deux spectacles autour des figures de Jimmy Hendrix et Farinelli. Il explore l\u2019improvisation des musiques populaires anciennes avec La Clique Des Lunaisiens, et l\u2019improvisation libre au sein de dispositifs \u00e9lectroniques avec Alain Mah\u00e9 et la compagnie de danse M\u00e9har\u00e9es<\/p>\n","protected":false},"excerpt":{"rendered":"<p>Apr\u00e8s avoir suivi un cursus complet de guitare classique au CRR de Chalon sur Sa\u00f4ne, il obtient en juin 2000 le premier prix du C.N.R de Paris \u00e0 l\u2019unanimit\u00e9 avec les f\u00e9licitations du jury. Il choisit ensuite de se perfectionner aupr\u00e8s de Pablo Marquez au C.N.R de Strasbourg. Apr\u00e8s une ann\u00e9e ERASMUS au Conservatoire Sup\u00e9rieur &hellip; <\/p>\n","protected":false},"author":1,"featured_media":0,"parent":0,"menu_order":0,"comment_status":"closed","ping_status":"closed","template":"","meta":{"footnotes":""},"class_list":["post-1461","page","type-page","status-publish","hentry"],"_links":{"self":[{"href":"https:\/\/www.les-rencontres-de-rignac.fr\/english\/wp-json\/wp\/v2\/pages\/1461","targetHints":{"allow":["GET"]}}],"collection":[{"href":"https:\/\/www.les-rencontres-de-rignac.fr\/english\/wp-json\/wp\/v2\/pages"}],"about":[{"href":"https:\/\/www.les-rencontres-de-rignac.fr\/english\/wp-json\/wp\/v2\/types\/page"}],"author":[{"embeddable":true,"href":"https:\/\/www.les-rencontres-de-rignac.fr\/english\/wp-json\/wp\/v2\/users\/1"}],"replies":[{"embeddable":true,"href":"https:\/\/www.les-rencontres-de-rignac.fr\/english\/wp-json\/wp\/v2\/comments?post=1461"}],"version-history":[{"count":2,"href":"https:\/\/www.les-rencontres-de-rignac.fr\/english\/wp-json\/wp\/v2\/pages\/1461\/revisions"}],"predecessor-version":[{"id":1490,"href":"https:\/\/www.les-rencontres-de-rignac.fr\/english\/wp-json\/wp\/v2\/pages\/1461\/revisions\/1490"}],"wp:attachment":[{"href":"https:\/\/www.les-rencontres-de-rignac.fr\/english\/wp-json\/wp\/v2\/media?parent=1461"}],"curies":[{"name":"wp","href":"https:\/\/api.w.org\/{rel}","templated":true}]}}